*z + 6*d + 172. Calculate the greatest common factor of z and 5.
5
Let x = 290 + -206. Calculate the highest common factor of 36 and x.
12
Let q be 66/(-4)*(1 + -3). Suppose 4*a - q = a. What is the highest common factor of 11 and a?
11
Suppose 0 = u + m + 3*m - 40, 2*u + 5*m - 65 = 0. Suppose 0 = -3*o + o + 4. Let s be o + 1 + -2 + 29. Calculate the greatest common divisor of s and u.
10
Suppose 0 = -3*a - 9, -z = -5*a - 22 - 4. What is the greatest common factor of z and 11?
11
Let t be 1 + 0 - (-2 + 1). Suppose 0 = -t*i - 5 + 21. What is the greatest common factor of 4 and i?
4
Let s be (3 + 180/(-4))*-1. What is the highest common divisor of 28 and s?
14
Suppose 94 = 3*l - 101. Calculate the greatest common divisor of l and 13.
13
Let i be (-2)/(-4) - 5/(-2). Suppose 15 = i*k, 2*v - k + 0*k - 25 = 0. Calculate the greatest common factor of v and 5.
5
Let f(p) = 10*p**2 - 2*p + 13. Let a be f(4). What is the greatest common factor of a and 15?
15
Let y be (-3)/(-6)*(-16)/(-2). Suppose 0 = 4*d - y*j - 4, -j = d + j - 4. Calculate the greatest common divisor of 2 and d.
2
Let d = 10 - -10. Suppose d = -3*c + 7*c. Suppose 28 = c*n - 22. Calculate the highest common divisor of 30 and n.
10
Let j = 4 + 38. Let z(n) = -n**3 - 14*n**2 - 14*n + 15. Let u be z(-13). What is the highest common factor of j and u?
14
Let z be 1968/28 + 2/(-7). Calculate the highest common factor of z and 28.
14
Suppose 5*y - 3*y = 0. Let c be 5 - -1 - (-2 - y). Calculate the highest common factor of 24 and c.
8
Suppose 2*h - d - 22 = 0, -4*d + 1 - 12 = -h. Suppose 3*n = -3*f + 198, 0 = 2*n + 4*f - 66 - 66. Calculate the greatest common divisor of h and n.
11
Suppose 5*m + 0*l - 679 = l, -5*m = 3*l - 663. Calculate the greatest common factor of m and 15.
15
Let w = 1 - -3. Suppose -w*a = 6*d - d + 4, -2*a = 4*d + 8. Suppose -4*o - 4*s + 72 = -0*o, a*s + 6 = 2*o. Calculate the greatest common divisor of 13 and o.
13
Let l = -21 - -36. Let w be -5*-3*63/l. Calculate the greatest common divisor of 7 and w.
7
Suppose 5*d - 480 = -0*h - 4*h, 5*h + 2*d - 617 = 0. Suppose -15*y + 12*y = -l + 41, 2*y + 94 = 2*l. What is the greatest common factor of l and h?
25
Suppose 0 = -t + 4*t - 108. What is the highest common factor of t and 144?
36
Suppose 0 = -x + 3*g - 3, 0*x = -4*x - 4*g + 36. What is the greatest common factor of x and 12?
6
Suppose 0 = f + 6 + 2. Let d be (-12)/9*3/2. Let c = d - f. What is the greatest common divisor of c and 15?
3
Suppose -c + 0 = -11. What is the greatest common factor of 242 and c?
11
Let w = -67 - -114. Let b = w - 9. Calculate the highest common divisor of b and 95.
19
Suppose -2*q = 2*j - 2, -j + 2*j = 2*q - 8. Calculate the highest common factor of q and 6.
3
Suppose -45 = -2*k + q, -4*k = -0*k + 3*q - 95. Calculate the greatest common factor of k and 115.
23
Let z(g) = 8*g - 12. Let h be z(5). Let j(c) = 4*c**2. Let x be j(1). Calculate the greatest common factor of x and h.
4
Suppose 5*c - 2424 = -4. Calculate the greatest common divisor of c and 44.
44
Suppose 4*c - 448 = -4*t + 6*c, -4*c = 2*t - 244. What is the highest common divisor of t and 19?
19
Let t(a) = a**2 + 13*a + 3. Let o be t(-13). Suppose 0 = -5*b - o*c + 399, -2*b + 4*c = -261 + 91. Calculate the greatest common factor of 9 and b.
9
Let q = 114 - 42. What is the highest common factor of q and 18?
18
Suppose 0 = -n - 36 + 243. Let j(p) = p**3 - 4*p**2 + 5*p + 3. Let l be j(4). Calculate the highest common factor of l and n.
23
Let i = 11 - 4. Let d = i + 0. Let h = -1 + d. Calculate the greatest common divisor of h and 2.
2
Suppose 8*a = -2*m + 5*a + 265, 0 = 2*m - 3*a - 247. Calculate the highest common factor of m and 32.
32
Let d = -894 - -541. Let o = d - -573. Suppose o = -k + 6*k. What is the highest common divisor of k and 4?
4
Suppose 60 = n + 5*i, 240 = 7*n - 2*n + 5*i. Calculate the highest common divisor of 9 and n.
9
Let g(z) = 2*z**2 - 3*z - 6. Let x be g(-3). Calculate the greatest common divisor of 3 and x.
3
Let y(h) = -h**3 - 8*h**2 - 4*h + 1. Let p be y(-6). Let c = -26 - p. Suppose 8*u - 47 = 9. What is the highest common divisor of c and u?
7
Suppose -5*j + 53 = -22. Suppose 1 = 3*c - 23. Suppose 5 = -n, -3*n - c = 2*w + 1. Calculate the greatest common factor of j and w.
3
Suppose -w + 4*w - 18 = 0. What is the greatest common factor of 2 and w?
2
Let j(p) = -27*p + 8. Let v be j(-1). Calculate the greatest common factor of 245 and v.
35
Let l be (0 - 0) + (75 - -10). What is the greatest common divisor of 17 and l?
17
Suppose -2*l + 11 = 3*x, 17 = 5*l - 2*x - x. Suppose -f + l = f. Suppose 0 = -f*q - 0*q + 32. Calculate the highest common divisor of 40 and q.
8
Let k(o) = 6*o**2 + 2*o. Let f be k(-1). Calculate the greatest common divisor of f and 4.
4
Let r be (8 + -6)/((-1)/10). Let o be ((-144)/r)/((-1)/(-5)). Suppose 6*f - 2*f + 28 = u, 4*f - 32 = -4*u. What is the greatest common factor of o and u?
12
Let t = -53 - -92. Calculate the highest common factor of 26 and t.
13
Let d = 105 - 43. Calculate the highest common divisor of 155 and d.
31
Let w(z) = 3*z - 3. Let a be w(3). Let k be 7/5 + a/(-15). Calculate the greatest common factor of 2 and k.
1
Let x(m) = m**2 + 6*m - 3. Let y be x(-7). Suppose y*r - 3*a = 68, 0 = -r - 3*a + 1 + 1. What is the greatest common factor of 112 and r?
14
Let d = 8 - 5. Suppose 1 = q + d. Let a be (q/(-6))/((-1)/(-6)). Calculate the greatest common divisor of 8 and a.
2
Suppose 0 = -3*w - 15, -4*d + 2*w = -43 + 1. Suppose 3*p + 15 = j, -2*j + 18 = -4*p - d. Calculate the highest common factor of j and 18.
9
Let z = -68 + 118. Calculate the highest common factor of 10 and z.
10
Let m be 1/2*(-3 + 3). Suppose -3*v - 2*k + 406 = -111, 4*k + 16 = m. What is the highest common divisor of v and 25?
25
Suppose 0*o + 4 = 2*o. Suppose 0 = o*n - 26 + 6. What is the greatest common factor of n and 110?
10
Let q(i) = 2*i**2 - 2*i - 1. Let k be q(2). Let h(v) = 12*v + 3. Let p be h(k). Let t = p - -9. What is the greatest common factor of 16 and t?
16
Let i be (-171)/(-7) - (-36)/63. Let j = i + -13. Calculate the highest common divisor of j and 48.
12
Let m(h) = -10*h**3 + 4*h + 3. Let v be m(-2). Calculate the greatest common factor of v and 5.
5
Let h = 25 + -17. Calculate the greatest common factor of 20 and h.
4
Let h be 6/10 - (-38)/(-5). Let c = h - -11. What is the greatest common divisor of 32 and c?
4
Let v be (-2)/(-4) - 269/2. Let r = -76 - v. Suppose 3*u + 10 = r. Calculate the greatest common divisor of 24 and u.
8
Suppose j + 207 = 4*j. Suppose j = 2*h + u - 130, 2*u = 3*h - 295. Calculate the highest common factor of 9 and h.
9
Let o(r) = 3 + 0*r - r + 2*r. Let d be o(-3). Suppose -l + 5 + 1 = d. What is the highest common divisor of 54 and l?
6
Let a = 77 - 68. Suppose -g - h - 161 = -3*g, 5*g - 3*h - 402 = 0. Calculate the greatest common divisor of g and a.
9
Let j(g) = -g**3 - 11*g**2 + 10*g + 8. Suppose 0 = p + 2*p - 3, -4*n - p = 47. Let t be j(n). What is the greatest common factor of t and 4?
4
Let i = 139 + -120. Calculate the highest common factor of 247 and i.
19
Let c be ((-16)/(-3))/(-8)*(-12 + 0). Calculate the greatest common divisor of c and 2.
2
Suppose 3*s - 15 = -0*s + 2*a, 4*s + 4*a = 0. Suppose 0*v + s*v = 21. Calculate the highest common divisor of v and 49.
7
Suppose 3*k - 3 = -4*q + 148, 2*k = 4*q + 74. Let r = 65 - k. What is the highest common factor of 60 and r?
20
Let v(p) = 33*p - 3. Let g be v(3). Suppose 0*b + 4*b - 96 = 0. What is the highest common divisor of b and g?
24
Let c be (-16)/(-40) + 8/5. What is the greatest common factor of 5 and c?
1
Let k(n) = n**3 + 11*n**2 + 13*n + 14. Let l be k(-10). Let i = l + 25. Calculate the highest common divisor of 9 and i.
9
Let m = 10 + -19. Let x = m - -14. What is the greatest common factor of 55 and x?
5
Let d(y) = y**3 - 3*y**2 - 4*y + 3. Let l be d(3). Let q = l - -24. Let m = -5 + 15. What is the highest common divisor of q and m?
5
Suppose 107 + 2 = 4*j + 5*x, 2*x = 3*j - 53. Suppose 0 = -3*k + j + 15. Suppose 6 = -3*t, -t + 262 = -i + 3*i. Calculate the greatest common divisor of k and i.
12
Suppose -14 = 2*a - 9*a. Calculate the greatest common divisor of 22 and a.
2
Suppose 0 = 2*g - 3*y + 80, -g + 3*y - 1 - 45 = 0. Let j